hat is -533045 (base 6) in base 12?
-21185
5118 (base 12) to base 8
21144
Convert 1007 (base 13) to base 12.
1338
What is 21302 (base 4) in base 3?
212012
82 (base 14) to base 15
79
What is 87 (base 9) in base 7?
142
What is -1743a (base 11) in base 7?
-131246
Convert 154134 (base 6) to base 16.
3b4a
What is 6ee (base 16) in base 4?
123232
What is 6ccc (base 13) in base 8?
36022
1773 (base 11) to base 7
6404
Convert e47 (base 16) to base 12.
2147
30bd (base 14) to base 9
12462
Convert -22211200 (base 4) to base 13.
-16975
-111110010 (base 2) to base 14
-278
Convert -101122222 (base 3) to base 7.
-31445
-530 (base 10) to base 15
-255
What is -a2b (base 15) in base 7?
-6452
What is 1014 (base 7) in base 4?
11202
What is -44 (base 7) in base 11?
-2a
-4a99 (base 15) to base 8
-37026
Convert 71085 (base 9) to base 4.
23122031
269a (base 14) to base 6
51252
What is -102321 (base 7) in base 5?
-1031110
What is -44 (base 9) in base 14?
-2c
Convert -4f76 (base 16) to base 10.
-20342
Convert 2133 (base 16) to base 9.
12583
348 (base 9) to base 15
142
Convert 613 (base 9) to base 13.
2c4
1399 (base 13) to base 15
c8a
-32002 (base 4) to base 16
-382
Convert -27b (base 15) to base 4.
-20312
What is -77 (base 9) in base 16?
-46
What is 372 (base 11) in base 14?
238
Convert 1100101111 (base 2) to base 13.
4a9
What is 64 (base 16) in base 15?
6a
Convert 330 (base 4) to base 14.
44
Convert e62 (base 15) to base 16.
caa
207 (base 16) to base 15
249
What is 33434 (base 5) in base 11?
1864
-12343 (base 7) to base 3
-11110221
What is 14132 (base 6) in base 14?
b44
3642 (base 7) to base 4
111021
What is 767 (base 8) in base 4?
13313
What is -152b (base 13) in base 8?
-6007
Convert 12557 (base 10) to base 13.
593c
-42 (base 10) to base 6
-110
What is 1a92 (base 16) in base 11?
5124
-1301344 (base 5) to base 16
-6288
Convert -44d (base 15) to base 6.
-4301
-a530 (base 11) to base 8
-33174
-3146 (base 7) to base 4
-101120
21122110 (base 3) to base 2
1010111000110
Convert 12232110 (base 4) to base 6.
331300
What is 1020 (base 5) in base 11?
113
Convert -8a3 (base 12) to base 4.
-103323
Convert -14201 (base 5) to base 2.
-10010011000
-2031 (base 10) to base 14
-a51
Convert 11325 (base 7) to base 16.
b5e
Convert -944a (base 11) to base 2.
-11000011100101
798 (base 16) to base 11
1508
What is -11000111101 (base 2) in base 10?
-1597
3b3 (base 13) to base 16
28d
251 (base 13) to base 6
1512
Convert -11420 (base 8) to base 6.
-34332
Convert -110010001110 (base 2) to base 6.
-22514
What is 40a (base 11) in base 13?
2c0
-20144 (base 7) to base 12
-29ab
-110000101010010 (base 2) to base 16
-6152
Convert 12203203 (base 4) to base 10.
26851
Convert 13312 (base 9) to base 13.
4136
Convert -2347 (base 10) to base 8.
-4453
11116 (base 7) to base 6
20554
Convert 17030 (base 9) to base 6.
130043
Convert -1111001 (base 2) to base 12.
-a1
What is -10de5 (base 15) in base 13?
-1b61a
Convert -1146 (base 7) to base 11.
-358
-1ab (base 12) to base 9
-335
What is -14aa (base 12) in base 13?
-1153
279 (base 15) to base 7
1434
-1510 (base 8) to base 6
-3520
-7631 (base 12) to base 15
-3cb7
72a (base 12) to base 9
1377
-200021 (base 3) to base 13
-2bc
Convert 724 (base 12) to base 8.
2014
What is -109 (base 10) in base 2?
-1101101
15b7 (base 12) to base 6
15551
What is 1544 (base 7) in base 8?
1154
Convert 50bc (base 13) to base 15.
347a
Convert 1022021012 (base 3) to base 8.
62155
Convert 1000001010100 (base 2) to base 12.
2504
Convert -1233 (base 9) to base 14.
-49b
What is -583 (base 13) in base 15?
-437
-104661 (base 8) to base 7
-204524
What is -12 (base 7) in base 11?
-9
What is -8134 (base 13) in base 7?
-102601
What is -602 (base 16) in base 8?
-3002
Convert -254 (base 14) to base 9.
-567
112221 (base 3) to base 9
487
What is 120002220 (base 3) in base 9?
16086
Convert -739 (base 10) to base 9.
-1011
-21a (base 14) to base 7
-1133
What is -101001100001 (base 2) in base 3?
-10122102
-13044 (base 14) to base 5
-2443313
-565 (base 11) to base 8
-1244
What is -21201 (base 4) in base 16?
-261
What is -23002 (base 5) in base 15?
-737
What is 894 (base 10) in base 6?
4050
Convert 13940 (base 14) to base 5.
3022333
995 (base 16) to base 13
1169
Convert -15442 (base 6) to base 4.
-213302
What is -10001000011110 (base 2) in base 9?
-12874
Convert 156e (base 16) to base 12.
3212
40400 (base 5) to base 6
20012
What is 99 (base 15) in base 13?
b1
90c (base 14) to base 3
2102210
Convert 130111 (base 5) to base 3.
20220100
What is -22 (base 16) in base 9?
-37
What is 156224 (base 8) in base 12?
28818
7519 (base 10) to base 6
54451
What is -130274 (base 8) in base 15?
-d614
Convert 222000111 (base 3) to base 13.
8830
-2255 (base 7) to base 11
-68a
632 (base 7) to base 15
162
What is -31011 (base 5) in base 2?
-11111010110
What is 13b9 (base 16) in base 14?
1ba9
Convert 1a8 (base 11) to base 4.
3233
What is -19 (base 15) in base 2?
-11000
Convert -4416 (base 16) to base 15.
-5270
Convert 48046 (base 11) to base 6.
1252354
b368 (base 15) to base 12
19b22
What is -339 (base 10) in base 12?
-243
Convert -494 (base 12) to base 16.
-2b0
Convert c6 (base 16) to base 4.
3012
What is 3220 (base 4) in base 13?
14b
Convert -53a8 (base 12) to base 15.
-2ad5
c44 (base 13) to base 15
93e
Convert -1100111011111111 (base 2) to base 9.
-80618
-3332300 (base 4) to base 12
-9528
What is 14872 (base 9) in base 11?
7724
Convert 124210 (base 7) to base 14.
85b0
Convert -20870 (base 11) to base 4.
-13121313
Convert 27134 (base 8) to base 11.
8a0a
1311 (base 11) to base 10
1706
436 (base 8) to base 3
101121
15c6 (base 13) to base 9
4350
Convert -55154 (base 8) to base 14.
-8616
Convert 648 (base 13) to base 12.
756
What is 22535 (base 10) in base 15?
6a25
-24a4 (base 11) to base 7
-12335
Convert -23d8 (base 15) to base 5.
-221003
What is -72342 (base 8) in base 10?
-29922
Convert 45 (base 9) to base 13.
32
551301 (base 6) to base 2
1011001001110101
Convert -22332 (base 4) to base 14.
-382
What is 6a2c (base 13) in base 8?
35076
Convert 11132 (base 9) to base 2.
1110011101000
Convert 133 (base 11) to base 5.
1112
-1219b (base 12) to base 11
-17412
d6 (base 16) to base 14
114
Convert -1166 (base 8) to base 4.
-21312
Convert -495 (base 10) to base 6.
-2143
2415 (base 6) to base 11
494
Convert 100202010 (base 4) to base 6.
1241300
What is 2541 (base 10) in base 13?
1206
What is -2334 (base 9) in base 12?
-1004
29 (base 12) to base 7
45
Convert 10002110 (base 3) to base 2.
100011001101
Convert -21353 (base 7) to base 12.
-3102
1012 (base 4) to base 8
106
Convert a01 (base 11) to base 5.
14321
-75 (base 13) to base 10
-96
What is -12 (base 4) in base 15?
-6
-487 (base 16) to base 9
-1527
Convert -41420 (base 5) to base 14.
-dd5
-2023213 (base 5) to base 3
-1200011202
674 (base 10) to base 13
3cb
What is -7276 (base 12) in base 3?
-122010000
What is 5265 (base 7) in base 10?
1860
What is 698f (base 16) in base 12?
1377b
What is -1644 (base 8) in base 9?
-1245
-3417 (base 9) to base 16
-9df
1717 (base 9) to base 2
10100100000
What is 1431 (base 7) in base 15?
276
5342 (base 15) to base 3
220011022
-21002101 (base 3) to base 10
-5167
Convert 5bc (base 14) to base 8.
2172
Convert -11131 (base 6) to base 7.
-4366
302 (base 12) to base 5
3214
What is 52f (base 16) in base 2?
10100101111
199f (base 16) to base 2
1100110011111
Convert -62556 (base 8) to base 14.
-966a
Convert 17bd (base 14) to base 7.
15326
What is -122120 (base 3) in base 16?
-1da
98 (base 16) to base 12
108
Convert 2e80 (base 16) to base 11.
8a42
Convert -1777 (base 11) to base 7.
-6411
What is 2401141 (base 5) in base 3?
2020020201
Convert -3213300 (base 4) to base 16.
-39f0
What is -10100 (base 3) in base 11?
-82
-1001000011 (base 2) to base 5
-4304
What is -1011000100100 (base 2) in base 13?
-2770
4210 (base 7) to base 10
1477
Convert 807 (base 11) to base 2.
1111001111
What is -1036 (base 11) in base 7?
-3665
What is -1201 (base 5) in base 10?
-176
Convert -204053 (base 7) to base 8.
-104320
-20010 (base 8) to base 10
-8200
What is -10111122 (base 3) in base 4?
-213323
-13103 (base 4) to base 7
-1235
-1021201210 (base 3) to base 11
-18029
26926 (base 10) to base 14
9b54
What is -59817 (base 10) in base 5?
-3403232
5b0 (base 14) to base 2
10001101110
-1001101101 